 12*a + 12. Let q be b(-10). Let y = 50 - 73. Let h = q + y. What is the remainder when h is divided by 6?
3
Let i = 16 - 22. Let l = 18 - -42. Calculate the remainder when l is divided by 290/14 + i/(-21).
18
What is the remainder when 209 is divided by 122/549 + (-176)/(-18)?
9
Let s(v) = 2*v**2 + 4*v + 10. Suppose 3*q = -3*k - 24, -q = -3*k - 2*q - 20. Calculate the remainder when s(k) is divided by 12.
10
Let t = -25 + 28. Suppose -3 = 5*d - 2*d, 0 = 4*w - 5*d - 21. Let m = t + w. What is the remainder when 11 is divided by m?
4
Suppose 2*l - 4 - 12 = 0. Suppose 2*j - 34 = -l. What is the remainder when j is divided by 8?
5
Let g = 701 - 576. Calculate the remainder when g is divided by 7.
6
Suppose -3*c - 3*d + 132 = 0, 46 = c + 2*d - 0*d. Calculate the remainder when c is divided by 11.
9
Let n(r) = 200*r - 351. Calculate the remainder when n(4) is divided by 4.
1
Let y(d) = -d**3 - 25*d**2 - 26*d + 17. Calculate the remainder when y(-24) is divided by 17.
14
Let v be (-11)/(-4) - (-21)/(-28). Suppose 3*g = -g - 5*c + 588, -v*g + 294 = -c. What is the remainder when g is divided by 37?
36
Suppose -4*d = -d + 3. Let o = 25 - d. Calculate the remainder when 49 is divided by o.
23
Suppose 2*o - 9 = 3*z - 2, -3*z = -9. What is the remainder when o is divided by 3?
2
Let x(w) = w**3 + 21*w**2 + 19*w - 22. Let f be x(-20). What is the remainder when 31 + -2 + 6 + f is divided by 12?
9
Suppose -8*v + 30 + 106 = 0. Calculate the remainder when 25 is divided by v.
8
Let y = -1150 + 1224. What is the remainder when 269 is divided by y?
47
Let s = 22 - 19. Suppose 0 = g + 2, -58 = -3*d + s*g + 56. What is the remainder when d is divided by 19?
17
Suppose 37 = -6*j + 1. Let o(z) = 3*z + 20. Let i be o(j). Suppose i*x - 220 = 2*c, -3*x = x - 5*c - 435. What is the remainder when x is divided by 29?
28
Let b(n) = 15*n - 9. Let m(u) = u - 1. Let t(d) = -3*b(d) + 36*m(d). What is the remainder when t(-4) is divided by 7?
6
Suppose 4*j = -j + 40. What is the remainder when (-2)/(-10) + 1417/65 is divided by j?
6
Suppose 0*u = -5*u + 465. Let t(v) = v**2 + v - 6. Let b be (-27)/9 - (2 - -1). Calculate the remainder when u is divided by t(b).
21
Let a = -328 - -370. Calculate the remainder when a is divided by 24.
18
Suppose 13 = 2*w + 11. Calculate the remainder when 85 is divided by w*(-20 + -3)*-1.
16
Let c(v) = v**3 - 12*v**2 + 12*v - 9. Let k be c(11). Suppose -u - 12 = 4*d, -u - 8 = -k*d - 5*u. What is the remainder when (-4)/(-16) - 59/d is divided by 6?
3
Let f be -3*(-4)/(-3) + -20. Calculate the remainder when (f/(-18))/(0 - 4/(-258)) is divided by 15.
11
Suppose -19*k + 330 = 3*k. Suppose -25 = 5*o, -2*o + 5*o + 111 = 4*d. Suppose 2*u - d = -u. What is the remainder when k is divided by u?
7
Suppose 56*p - 6*p = 9350. Calculate the remainder when p is divided by 50.
37
Suppose 5*z - 4*z + 5 = 0. Let j = z + 7. Suppose 0*h + 12 = j*h. What is the remainder when h is divided by 3?
0
Let f = 147 - -23. Calculate the remainder when f is divided by 19.
18
What is the remainder when (-4 - -23) + 2*-5 is divided by 3?
0
Let k(u) = u**2 - 3*u + 15. Calculate the remainder when 159 is divided by k(7).
30
Let n(x) = -x**3 + x**2 + 12*x + 13. What is the remainder when 35 is divided by n(4)?
9
Suppose -5*q + 516 = -3*n + 121, 174 = 2*q + 2*n. What is the remainder when q is divided by 19?
6
What is the remainder when 2*22 - (-1)/(-1) is divided by (2/(-10))/(3*14/(-2310))?
10
Let n = -657 - -666. Calculate the remainder when 116 is divided by n.
8
Let g(k) = 3*k - 2. Let x(a) = a**3 - 4*a**2 - 6*a + 2. Let z be x(4). Calculate the remainder when (z/(-33))/(2/33) is divided by g(3).
4
Let x = -125 - -183. What is the remainder when x is divided by 41?
17
Let x = 2 - 3. Suppose 27 = -8*s + 17*s. Calculate the remainder when 7 is divided by x/(30/(-9) + s).
1
Suppose -4*y = -5 + 17. Calculate the remainder when (2 - 3)/(3/(-189)) is divided by (3 - y/(-3)) + 20.
19
Suppose -4*j + k = -6, 0*j = -3*j - 4*k + 14. Suppose -j*n + 12 = -2*x, 0*n + 5*n + 4*x = 21. What is the remainder when 5 is divided by n?
0
Let n = 66 + -38. Let r(b) = 34*b + 7. Calculate the remainder when r(3) is divided by n.
25
Suppose 25*z - 10 = 20*z. Suppose -3*g - 2*p = -113, -3*g + 109 = -0*p - z*p. What is the remainder when g is divided by 4?
1
Suppose -2*t + 7*t - 350 = 0. What is the remainder when 768 is divided by t?
68
Suppose 36*u - 40*u - 260 = 0. Let o = -60 - u. Calculate the remainder when 13 is divided by o.
3
Let d be 1*(-47)/(-15) - 16/120. Suppose d*q = 2 + 4. Calculate the remainder when 5 is divided by q.
1
Let a = -1 - -10. Let s = 10 + a. Let v(d) = 5*d**2 - 2*d + 2. What is the remainder when v(4) is divided by s?
17
Let z = 22 + 14. Let t be -2*(1/(-3))/((-9)/(-27)). Suppose 5*k - t*k = 57. Calculate the remainder when z is divided by k.
17
Let h(k) = -k**2 - 23*k - 39. Calculate the remainder when 97 is divided by h(-5).
46
Let g(y) = y**3 - 17*y**2 + 16*y + 12. Let n = -72 - -88. What is the remainder when g(n) is divided by 6?
0
Calculate the remainder when ((-6)/(-8))/(3/72) is divided by 15.
3
Let f(p) = p + 10. Let s be f(-11). Let g(w) = -13*w - 11. What is the remainder when g(-6) is divided by s - (2 + -1) - -16?
11
Let r(m) = -34*m - 3 - 15 + 19*m + 0. Calculate the remainder when r(-3) is divided by 7.
6
Let w = 9 + -49. Let f = 64 + w. What is the remainder when 119 is divided by f?
23
Let a = -203 + 205. Calculate the remainder when a is divided by 2.
0
Suppose 2*h - 90 = -2*h + 2*f, -h - 2*f = -25. What is the remainder when 64 is divided by h?
18
Let x be 15/(-6)*(-4)/5. Suppose 7*f - 45 = x*f. Suppose -2*j + 6*j - 24 = 0. What is the remainder when f is divided by j?
3
Let l(j) = -j**3 + 7*j**2 + 2*j + 13. Let f(n) = -2*n**3 + 15*n**2 + 3*n + 26. Let p(q) = 3*f(q) - 7*l(q). Calculate the remainder when 114 is divided by p(6).
27
Let y(g) = g**3 + 10*g**2 + 7*g - 1. What is the remainder when 127 is divided by y(-9)?
8
Calculate the remainder when 22 is divided by (-21)/(-4)*(2 - (-2)/3).
8
Suppose s + 3*o = 8*o - 20, -16 = -4*o. What is the remainder when 11 is divided by (s - -3)/3 + 3 + 3?
4
Suppose 3*f + 5*v - 59 = 0, -f + 4*v = -5*f + 92. What is the remainder when 68 is divided by f?
12
Suppose -705 + 238 = -n - o, -1411 = -3*n - 5*o. What is the remainder when n is divided by 168?
126
Suppose -4*t + 84 = 8*t. What is the remainder when 27 is divided by t?
6
Let f be (-1 - -6) + (3 - 2). What is the remainder when (-23)/(-2)*(12 - 10) is divided by 8/(0 - f/(-9))?
11
Let h = -69 - -58. Let c(u) = u**2 + u - 44. What is the remainder when c(h) is divided by 19?
9
Let v = -36 + 33. What is the remainder when 12 is divided by (v - -17) + (1 - 5)?
2
Suppose -t + 3 = -1, 0 = 3*x + 5*t - 146. Calculate the remainder when x is divided by 12.
6
Calculate the remainder when 93 is divided by 37 - ((-3)/(-9) + (-3)/9).
19
Let v = -42 + 44. What is the remainder when 55 is divided by 1/(v*(-4)/8) + 15?
13
Suppose -498 - 822 = -5*u. What is the remainder when u is divided by 67?
63
Let h be 126/56 - 2/8. Calculate the remainder when (1 - 221/h)*2/(-3) is divided by 19.
16
Let l be 1/(-2)*(-30)/1. Suppose 0*h + h - l = 0. What is the remainder when (27/18)/(6/168) is divided by h?
12
Suppose 0*n + 2*n - 2 = 0. Let m be 2/((-2)/(n + -3)). Suppose -m*g + 140 = x + 43, -4*g = -5*x + 457. Calculate the remainder when x is divided by 16.
13
Let j be -2*280/(-2 - 0). Let i = 39 - 37. Suppose 4*r = i*a + j, 140 = r + r - 4*a. What is the remainder when r is divided by 24?
22
Let n be (-3 - -5 - 2) + 3. Suppose 28 = 3*d + 5*o - 31, -4*d + n*o = -127. Calculate the remainder when 54 is divided by d.
26
Let h(g) = -94*g**3 - 2*g**2 - 4*g - 2. What is the remainder when h(-1) is divided by 50?
44
Let o(z) = 12*z - 207. Calculate the remainder when 195 is divided by o(20).
30
Suppose 3*z + 306 = 12*z. What is the remainder when z is divided by (4/(-2))/(1/(-6))?
10
Let d = 102 - 45. Let h(r) be the third derivative of -r**4/24 + 5*r**3/2 + 15*r**2. What is the remainder when d is divided by h(5)?
7
Let b = -11 + 15. Suppose -25 = b*d + 5*z, -15 = 5*d - 0*d + 3*z. Suppose -2*q + n - 4 + 30 = d, -5*q + 65 = -4*n. What is the remainder when q is divided by 8?
5
Let s 